ine q(-6).
-10
Let d = 15 - -2. Let t = -28 + d. Let n = -6 - t. Let s(g) = -g - 1. Calculate s(n).
-6
Let z(t) = 6*t**2 - t - 2. Let i(p) = 7*p**2 - p - 2. Let h(a) = -5*i(a) + 6*z(a). Calculate h(0).
-2
Let v(h) = -h**3 + 2*h**2 - 4*h + 2. Let y(l) = l**3 - 2*l**2 + 5*l - 2. Let g(q) = 4*v(q) + 3*y(q). Determine g(2).
0
Let h = 17 - 7. Suppose -4*t - t + h = 0. Let r(p) = 4*p + t*p + 1 - p + 2. Calculate r(-2).
-7
Let b(g) = g**3 + 7*g**2 + 8*g + 8. Let t(a) = a - 11. Let y be t(5). Calculate b(y).
-4
Let b(o) = 2*o**3 - 2*o**2 - o. Let u = 17 - 10. Let h = u - 5. Give b(h).
6
Let u(s) be the third derivative of 0*s - 1/120*s**6 - 1/24*s**4 - 1/6*s**3 - 1/60*s**5 - s**2 + 0. Let m be 0*5/(-3 + 8). What is u(m)?
-1
Let h be 2/(((-4)/(0 + -4))/1). Let b(n) = -5*n. Give b(h).
-10
Let y(x) = 3*x**3 - 4*x - 3. Let h(r) = -r**3 - r**2 + r + 1. Suppose -2*b - c + 4 = 3, 7 = 2*b - c. Let g(z) = b*h(z) + y(z). What is g(-2)?
-13
Suppose -10 = -3*q - 1. Suppose 6 = 4*z + 2*n - 14, q*z - 29 = -5*n. Let t(d) = 0*d**3 + 3*d**3 + 4 - 2 - 2*d**z. Give t(-2).
-6
Let m = 4/17 - -77/34. Let r(g) be the first derivative of -1 - 6*g - m*g**2 + 4/3*g**3 + 1/4*g**4. Determine r(-5).
-6
Let b(k) = 49*k - 27*k - 10 - 22*k + k**2. Calculate b(0).
-10
Let v(d) = 2*d**2 + 3*d + 3. Suppose 3*i = -j - 1 - 2, 0 = -5*j + 15. Calculate v(i).
5
Let s be (26/39)/(4/18). Suppose 0 = -0*u + u. Let g(y) = 0 - 4*y**2 + 7*y + 6 + u*y**s - y**3. Give g(-5).
-4
Suppose 2*h - 9 = -4*r + 15, 4 = 3*r - 2*h. Let j(y) = -y**2 + 5*y + 3. What is j(r)?
7
Let r(o) = o**3 - o**2 + 9. Suppose 0 = -4*s + 4*d - 9 + 29, 0 = -2*d - 10. What is r(s)?
9
Let s(p) = 2*p - 3. Let g be (66 + -62)*(-2)/(4/(-2)). Give s(g).
5
Let v = -12 + 9. Let z = -4 - v. Let u(m) = -10*m + 1. What is u(z)?
11
Let k(w) = 7*w**3 + 5*w + 4. Let x(i) = 15*i**3 + i**2 + 11*i + 8. Let u(f) = 13*k(f) - 6*x(f). What is u(6)?
-2
Let m(v) be the second derivative of 0 - v - 1/6*v**3 - v**2. Let u(r) = -r - 14. Let s be u(-9). Calculate m(s).
3
Let w(k) = k**2 + 4*k - 3. Let p = 15 + -20. What is w(p)?
2
Let z(l) = -l**2 + 4*l + 3. Let i = 29 + -18. Let m = 41 + -49. Let o = i + m. What is z(o)?
6
Let o(a) be the second derivative of -a**5/2 + a**4/6 - a**3/6 - 8*a. Give o(1).
-9
Let n = 47 - 40. Let j(a) = a**2 - 9*a + 9. Determine j(n).
-5
Let n(b) be the second derivative of b**3/6 - 2*b**2 + 37*b. Calculate n(4).
0
Let x(a) = -a. Let z(s) be the first derivative of s + 6. Let w(l) = 4*x(l) - 5*z(l). Give w(-5).
15
Let k(c) be the third derivative of -c**4/24 - 4*c**2. What is k(1)?
-1
Let k = 6 - 9. Let u(c) be the third derivative of c**6/120 + c**5/30 - 5*c**4/24 - 2*c**3/3 + 3*c**2. Calculate u(k).
2
Let m(k) = 11*k - k**3 + 11*k - 18*k - 3. What is m(2)?
-3
Let c(i) = -i**2 - i + 1. Let k(v) = -v**3 - 8*v**2 + 19*v - 8. Let f be k(-10). Give c(f).
-5
Let m(c) = -c**3 - 3*c**2 + 2*c + 4. Suppose 0 = -2*w + 3*q - 5, -q = 5*w + 11 + 10. Give m(w).
12
Let c(m) = m**2 - 4*m + 6. Let n be c(4). Let p(w) = -n*w + w + 2*w. Let j(r) = 5*r - 1. Let l(q) = -4*j(q) - 7*p(q). Determine l(-3).
1
Let k(o) = -2*o**2 + 6*o - 5. Let v(z) = -z + 1. Let b(h) = k(h) + v(h). Determine b(3).
-7
Let c(u) = -6*u - 7. Let r(o) = 8*o + 10. Let f(a) = -7*c(a) - 5*r(a). What is f(-8)?
-17
Let l(c) = -c**3 + 3*c**2 + 4*c + 2. Suppose 0*o = -4*o + 36. Let j = o + -5. Give l(j).
2
Let b(v) = -v**2 + v + 3. Suppose 0 = 5*f - 15 - 5. Let u be f*(-4 + (-39)/(-12)). Determine b(u).
-9
Let q(k) be the third derivative of k**6/120 - k**5/60 - k**4/24 - 7*k**3/2 - 3*k**2 + k. Give q(0).
-21
Let b(u) = -6*u + 13*u**3 - 6 + 6*u**2 + 4*u - 12*u**3. What is b(-6)?
6
Let m = 0 - 2. Let f(j) be the third derivative of j**6/120 + j**5/60 + j**4/8 + j**3/3 - 2*j**2. Let b(s) = -s**2 + 1. Let a(q) = -b(q) + f(q). Give a(m).
-5
Let n(s) = -s**2 - 7*s - 2. Suppose -4*r + 3*t - 7*t = 24, -2*r - 3*t - 11 = 0. Give n(r).
-2
Let c(d) = -d + 14. Suppose 5*q + 0*j - 44 = -3*j, -j - 11 = -2*q. Determine c(q).
7
Let u(v) = -v**3 + 5*v**2 - 7. Let y be (-6)/21 + 9/7. Suppose -2*a - 3*a = -20. Suppose -q + y = -a. Calculate u(q).
-7
Let i(t) = t + 2. Let b be (9 - 7) + 1 + 0. Calculate i(b).
5
Let f = -9 - -20. Let y(s) = -8*s + 20. Let v(t) = 3*t - 7. Let m(g) = f*v(g) + 4*y(g). Give m(-2).
1
Let a(o) = o**2 + 9*o + 10. Let t be a(-8). Suppose -u - 2 = t. Let r(i) = -5*i**2 - 3*i - 1 + 3*i**2 + i**2. What is r(u)?
-5
Let p = 7 - 2. Let a(v) = -v**2 + 6*v - 1. Calculate a(p).
4
Let i(p) = p. Let o(k) = k**2 - 3*k - 2. Let a(w) = -2*i(w) - o(w). Suppose 4*n + 3*q = 7, -2*n + q + 7 = -n. Suppose n*u + 0*u = 8. Determine a(u).
0
Let f be (0 - (-1)/1) + -1. Suppose 2*z + 2*z - 20 = f. Let q(r) = -3*r**2 + r - 2 + 0*r**2 - z - r**3 + 2*r**2. Determine q(0).
-7
Let a = 20 + -27. Let o(v) = -v**3 - 6*v**2 + 7*v - 7. Give o(a).
-7
Let o(k) be the first derivative of 2*k - 3/2*k**2 - 5. Let p be (-3)/1*(-2 + 1). Give o(p).
-7
Let x(z) be the first derivative of -3*z**4/4 - z**3/3 - z**2 + 7*z - 2. Let m(u) = 4*u**3 + 2*u**2 + 2*u - 8. Let k(r) = -4*m(r) - 5*x(r). Calculate k(-3).
-9
Let q(k) = k. Let y be (-4)/(-14) - 20/(-28). Let w be (y - (2 + -3))*-2. Give q(w).
-4
Suppose -38 - 46 = -12*s. Let i(c) = c**2 - 8*c - 2. Calculate i(s).
-9
Let r = 40 - 39. Let o(m) = 13*m**3 - m**2 + m - 1. Determine o(r).
12
Let z(k) = 7*k**3 + 13*k**2 - 6*k + 17. Let s(p) = 6*p**3 + 12*p**2 - 6*p + 16. Let c(t) = 6*s(t) - 5*z(t). Give c(-8).
-5
Let o(c) = -3*c + 4*c - 3 + 8. Suppose -2*l = -n + 2, 4*l + 4 = 2*n + n. Determine o(n).
5
Let s(l) = 3*l - 1. Let v(w) = -w**3 + 3*w**2 + 4*w + 3. Let g be v(4). What is s(g)?
8
Let l(d) be the first derivative of d**4/4 - d**3/3 - d**2/2 - 2. Let c(q) = q. Let u be c(2). What is l(u)?
2
Let h(g) = -7*g**2 + 8*g + 2. Let y(s) = 2*s**2 + 2 - 1 + 4*s - 5*s**2. Let p(m) = 2*h(m) - 5*y(m). Let o(l) be the first derivative of p(l). Calculate o(4).
4
Let s be (-3)/((-3 - -2)*-1). Let y(x) = x**3 + x**2 - 4*x - 2. What is y(s)?
-8
Let b(x) be the third derivative of 0 + 3*x**2 - 1/360*x**6 - 7/24*x**4 + 1/15*x**5 + 0*x + 1/3*x**3. Let t(g) be the first derivative of b(g). Give t(6).
5
Let g(k) = 6*k**2 - k - 13. Let m(y) = -5*y**2 + y + 13. Let j(w) = -6*g(w) - 7*m(w). Let p be 1/4 + 2/(-8). Calculate j(p).
-13
Let o(v) = -v - 11. Let l(h) be the second derivative of -h**3/2 - 16*h**2 - 3*h. Let f(z) = 3*l(z) - 8*o(z). Calculate f(0).
-8
Let a(l) = 3*l**2 + 6*l - 3. Let i be a(-3). Let o(t) = -1 + 5 - 2*t + 4 - 2. Give o(i).
-6
Let r(k) = k**2 + 2*k + 2. Suppose -4*i = 5*j - i - 2, 2*j + 2*i = 4. Let q be r(j). Let g(c) = -1 - 2 - 2*c - q. Give g(-5).
5
Let a(z) = -z**3 + 5*z**2 - 2*z. Let i be (-9)/(-315)*7 - 14/(-5). Determine a(i).
12
Let y(j) be the second derivative of -2*j**4/3 + j**3/6 + j**2/2 - 2*j. Suppose 6 = 5*i + 2*w + 3, w - 3 = -i. Determine y(i).
-8
Let r(h) = -h**3 + h**2 + h - 6. Let b(v) = -v**3 + v**2 + 1. Let d(g) = -2*b(g) + r(g). Determine d(0).
-8
Let x(b) = -b**2 - b - 2. Let l be x(1). Let f(q) = 0 - 2 + q - 2 + 8. Calculate f(l).
0
Let r = 12 + -10. Let w(c) = 2*c - 3. Let p(d) = d - 2. Let b(k) = r*w(k) - 3*p(k). Calculate b(-2).
-2
Let t = -5 - 0. Let i = 9 + t. Let g be 8/12 + i/3. Let j(x) = -x**3 + 2. What is j(g)?
-6
Let q = 11 + -12. Let s(w) = 9*w**2 + 4*w + 1. Let r(z) = -18*z**2 - 9*z - 2. Let t(a) = 2*r(a) + 5*s(a). What is t(q)?
8
Let b(i) = -21*i + 4*i**2 + 46*i - 25*i. Suppose -2*x = 3*d - 11, -x + 4 = 2*d - 2. What is b(d)?
4
Suppose 3*t - 7 - 3 = 2*q, -2*t + 11 = 3*q. Let d(p) = 3*p**2 + 7*p - 2. Let h(y) = -4*y**2 - 7*y + 3. Let i(n) = t*h(n) + 5*d(n). Determine i(7).
2
Let y(f) = -1. Let p(z) = z**2 + 9*z + 3. Let t(w) = p(w) + 2*y(w). Calculate t(-6).
-17
Let t(x) = -2*x + 3. Let k(j) = j + 1. Let y(r) = -k(r) - t(r). Suppose 7 - 112 = -5*g. Let u = g - 18. Give y(u).
-1
Suppose 5 = 3*b - 1. Let f = 0 + 4. Let o(r) = -3 - b + 0 - 5*r + f. What is o(-1)?
4
Let r be 6*(-8 - -4)/4. Let d(h) = -h - 9. Determine d(r).
-3
Let c(v) = -v**2 + 7*v - 7. Let o be c(5). Let i(t) = 1 - 2 - 6*t**2 + t**3 + 5*t - o + 3. Determine i(4).
-13
Let h = -83 - -88. Let d(k) = k**3 - 4*k**2 - 7*k + 1. Determine d(h).
-9
Let r = -2 - -1. Let i(v) be the third derivative of v**7/420 + v**4/24 - 4*v**2. Let w(u) be the second derivative of i(